7
Let i(t) = 6*t**2 + 3*t - 5. Let f(g) = -5*g**2 - 2*g + 5. Let v(b) = -5*f(b) - 4*i(b). Let h(y) be the first derivative of v(y). Give h(-2).
-6
Let p be (-1*1)/(2/(-4)). Let h = -4 + p. Let s be -1 + 0/h + -1. Let c(b) = 3*b + 1. Calculate c(s).
-5
Let q(m) = 2*m**3 + 3*m + 2 - m**3 + 0*m - 4*m**2. Let i(x) = -x - 2. Let d be i(-6). Let b be 6*(-3)/((-24)/d). Determine q(b).
2
Let j(d) = d - 3. Let i be j(5). Let b(n) = 3*n**3 - i*n + 0*n - 2*n**2 - n**3 + 1. Give b(2).
5
Let d be 9/4 - 4/16. Let a(u) = 0*u**3 - 2*u**2 - d*u**3 + 0*u**3 - 2*u + u**3 - 1. Determine a(-1).
0
Let p(a) = a**2 + 2*a + 4. Let m(s) = 3*s. Let g(f) = -f. Let i(o) = 4*g(o) + m(o). Let t(u) = -6*i(u) - p(u). Let h = -5 - -9. Give t(h).
-4
Let g(x) = -2*x**3 + 8*x**2 - 19*x + 6. Let i(c) = -c**3 + 4*c**2 - 10*c + 3. Let y(a) = -6*g(a) + 11*i(a). Let u = -1 - -1. Let z = u + 3. Give y(z).
0
Let s(n) be the third derivative of -n**4/24 - n**3/6 + 5*n**2. Determine s(-4).
3
Let t(p) = p - 1. Let k = -14 - -15. Determine t(k).
0
Let m(x) = -3*x + 5. Let y(l) = -4*l + 4. Let k(r) = 4*m(r) - 5*y(r). Give k(-1).
-8
Let w be (-2 - 21/(-9))*18. Let u(n) = n - 4. Determine u(w).
2
Let b(n) = 4*n - 10*n - 8*n + 24*n + n**2 - 10. Give b(-11).
1
Let v(u) = u**2 - 2*u - 2. Let c = 6 - 4. Let a(d) = d + 1. Let s be a(c). Calculate v(s).
1
Suppose 6 = 2*b + 2. Let z(r) = b + 1 + 3 - 5 - r**3 + r + 3*r**2. Let v be (-1)/(0 + 2/(-4)). Give z(v).
7
Let j(h) = h**2 + 3*h + 2. Suppose 0 = i + 4*b - 24, 3*b = 4*i + 2*b - 28. Let c = 4 - i. Calculate j(c).
6
Suppose -3*m = 2*m + 20. Let o be 5 - 0/2 - -1. Let b(n) = -1. Let q(r) = 3*r. Let c(k) = o*b(k) - q(k). Give c(m).
6
Let a(g) = 575*g + 2 - 289*g - 285*g. Suppose 0 = -2*q + q - 7. Give a(q).
-5
Let i(q) = 3*q**2 + 3*q + 3. Suppose b - 5*m - 24 = 0, -2*m + 2 + 2 = 3*b. Suppose 2*n + 3*v - v + 2 = 0, -5*v + 13 = -b*n. Determine i(n).
9
Let x(d) = -d**2 + 6*d - 5. Let j be -2 + 4 - (-18)/6. Let b(c) = 2*c**2 - 7*c + 6. Let i(a) = j*b(a) + 6*x(a). Determine i(1).
5
Let a(w) = 4*w**2 - 11*w + 10. Let o(p) = -3*p**2 + 10*p - 9. Let i(f) = -4*a(f) - 5*o(f). Calculate i(-7).
-2
Suppose 0 = 4*i - 2*i - 20. Let t(m) = m**3 - 5 - 3*m**2 + 2*m - m**2 - 2*m**3 + i*m**2. Give t(6).
7
Let o(j) = j**3 + 5*j**2 - 4*j - 10. Let z(w) = -2*w**3 - 9*w**2 + 9*w + 21. Let i(u) = -7*o(u) - 3*z(u). What is i(-8)?
-1
Let m(y) = -y + 1. Let s(h) = 5. Let t(j) = -m(j) + s(j). Determine t(0).
4
Let v(x) = -4*x - 17. Let j be v(-4). Let i(t) be the second derivative of -t**4/3 + t**2/2 - t. Determine i(j).
-3
Let g(w) be the second derivative of -w**4/12 + w**3/3 - 3*w**2/2 - 2*w. Suppose 5*q - 2*q = 6. What is g(q)?
-3
Let g(n) = -n**2 + 3*n + 2. Let j(p) = -3*p**2 + 10*p + 7. Let a(d) = -8*g(d) + 3*j(d). Let r = -254 - -260. Give a(r).
5
Let s(y) = -12*y - 1. Let a be 1/(-2) + 9/6. Let w be -1*a/(-3 - -4). What is s(w)?
11
Let r(p) = 9*p**2 - 15*p + 9. Let u(g) = g**2 - g + 1. Let l(c) = r(c) - 6*u(c). Let v(y) = -7*y**2 + 19*y - 5. Let q(h) = 5*l(h) + 2*v(h). What is q(4)?
-7
Let b(o) = -3*o**3 - 2*o**2 + 6*o - 6*o + 5*o**3 - o - 2. Suppose 17 = -4*a - 0*k + 3*k, 10 = -2*k. Let t = -6 - a. Give b(t).
4
Suppose -2*j - 16 = -6*j. Suppose 6*k = j*k. Let w(u) = 7*u + 10. Let q(h) = -8*h - 10. Let v(f) = -6*q(f) - 7*w(f). Calculate v(k).
-10
Let o(n) = 7*n**2 - 4*n + 5. Let p(i) = -i**2 - 1. Let d(x) = -o(x) - 2*p(x). Let m(c) = 14*c**2 - 11*c + 9. Let f(g) = -17*d(g) - 6*m(g). Determine f(4).
5
Let i(z) = -9*z + 1. Let t(p) = -p. Let w(l) = -i(l) + 2*t(l). Calculate w(1).
6
Let y(f) = -2*f. Let r(g) = -6*g + 3*g - 1 - 2*g + 4*g. Let m(q) = 3*r(q) - y(q). What is m(-5)?
2
Let o(m) be the third derivative of -7*m**6/120 + m**4/24 + 11*m**2. What is o(-1)?
6
Let c be -1 - 0/(-2) - 3. Let i be ((-4)/(-6))/(c/(-18)). Let n(w) = i + 2 - 6 - w. What is n(0)?
-1
Let l(b) be the first derivative of -b**2 + 8/3*b**3 - 4 - b. Give l(-1).
9
Suppose -399*h + 407*h - 24 = 0. Let b(f) be the second derivative of 0 + 3/2*f**2 + f + 1/6*f**3. Determine b(h).
6
Let q be (-1)/(-3) - (-10)/6. Let i(z) = 1 - 4 + z**q + 5 - z - 3 - 4*z**3. Suppose 0 = -s - 2*s - 3. Give i(s).
5
Let n(w) be the second derivative of w**5/20 - 3*w**4/4 + w**3/3 - 4*w**2 + 2*w. Let s be n(9). Let t(r) = 3 + r**2 - s*r - 3 + 5 + 2*r. Determine t(4).
-11
Suppose -6*c + 2*c = -3*o + 29, -4*c - 26 = -2*o. Let n(x) = -7 - 5*x**2 + x**3 + o*x**2 - 3*x**2. What is n(5)?
-7
Suppose -140 = 3*k - 125. Let t(r) = -r**3 - 4*r**2 - 4. What is t(k)?
21
Let j(r) = r**2 + 5*r + 6. Let a(u) = -u + 5. Let q be a(9). What is j(q)?
2
Let s(h) = -h - 1. Let q(a) = -a**3 - 4*a**2 - 2*a + 4. Let m be q(-3). Let f = m - 1. Suppose f = 2*n - n + 1. What is s(n)?
0
Suppose -3*m = -15, 10 = x - 0*m + 2*m. Let a be (x/(-1) - 1) + -3. Let i(u) = -u**3 - 3*u**2 + 3*u - 2. Calculate i(a).
2
Let r(j) = 3*j + 3. Let o be r(4). Suppose t + 4*x = 20, t + 0*t + 3*x - o = 0. Let d(w) = 1 + t*w - 2*w - 4. What is d(-5)?
7
Let r(f) = -f**2 + 6*f + 3. Let m be r(6). Let k(i) = i**3 - 5*i**2 + 3*i + 3. Calculate k(m).
-6
Let u(w) = 3*w**2 + 10*w + 7. Let m(y) = -7*y**2 - 21*y - 15. Let d(l) = 4*m(l) + 9*u(l). Let n = 11 + -5. Calculate d(n).
3
Let s(b) = 2*b**2 + 4*b + 1. Let z be 4/(-6) + (280/(-15))/8. Determine s(z).
7
Let f(v) = -v**2 - 10*v - 3. Let b(w) = -w. Let r(c) = 3*b(c) - f(c). Let n be 3/(4 - (3 - 0)). Let s be ((-10)/n)/((-6)/(-9)). Calculate r(s).
-7
Let s(l) = l**2 - 4*l + 3. Let k be s(4). Let f(c) = c**2 - 4*c. Determine f(k).
-3
Let c(q) = q**3 + 4*q**2 + q + 1. Suppose 5*f + 23 = a, 7*f + a = 4*f - 9. Let r be (3/4)/(f/16). Determine c(r).
7
Let z(h) = -h**2 - h + 7. Let f be -3 + 0 + (4 - 1). Calculate z(f).
7
Let o(p) = -p**3 + 8 - 4*p + 4*p + 5*p**2 - 12*p**2. What is o(-7)?
8
Let x(i) = i - 2. Suppose -g = 3*g + 12. Determine x(g).
-5
Let y(s) = -s**3 + 3*s**2 + 2*s - 1. Let k be ((-2)/(-4))/((-7)/(-42)). Determine y(k).
5
Let b(t) = t**2 - t - 1. Let h be 1/4 - 5/4. Let m(y) = -y**3 + 2*y**2 + 8*y + 8. Let a(c) = h*m(c) - 2*b(c). Calculate a(5).
-11
Let v(y) be the third derivative of -y**5/60 + y**4/12 - 2*y**3/3 - y**2. Let r = -1 + 3. Let w be (-13)/(-5) - r/(-5). Give v(w).
-7
Let q(f) = -3*f + 57. Let l be q(17). Let a(t) = -t + 4. Give a(l).
-2
Suppose u - 3*u = -4*r - 38, -r = -2*u + 8. Let q = r - -15. Let g(s) = -s**3 + 6*s**2 - 4*s + 2. What is g(q)?
7
Let o(r) = r**2 + r + 1. Let y(d) = -3*d**2 + 3*d + 4. Let n(a) = -3*o(a) + y(a). Suppose m - 1 = -2*v + 1, -5*v + 2*m = 13. Calculate n(v).
-5
Let n(t) = -t**2 - 5*t + 1. Let u be n(-5). Let o(h) = -279*h**2 + 281*h**2 - 3*h**3 - 2*h + h. What is o(u)?
-2
Suppose 7 + 3 = 5*a. Let x(q) = -3 - q**3 + 4*q**2 + q**a - 2*q**2 - 3*q + 6*q. Calculate x(2).
7
Let j(k) = 0*k**3 + 2 - 5*k**3 - 1. Let o be 1/(-4) - (-66)/8. Let s be 1/5 + o/10. Give j(s).
-4
Let z(d) = d**3 + 14*d**2 + 12*d - 2. Let r be z(-13). Let k(p) = 11*p - r*p - p**2 + 1. Calculate k(0).
1
Let m = 160 - 160. Let u(l) = -l**3 - l - 5. Give u(m).
-5
Let y(p) = 2*p**3 - 9*p**2 + 5*p. Let q be y(4). Let r(t) = -t**2 + 2*t - 1. Determine r(q).
-9
Let x(j) = -3*j - 2. Suppose -2*c = -c + 2. Let k be x(c). Let s(o) = -o**3 + 3*o**2 + o + 3. What is s(k)?
-9
Let m(j) be the third derivative of 3*j**4/4 + j**2. Determine m(-1).
-18
Let c(o) be the first derivative of -4*o + o**2 + 2*o - 3 + o - 2. Calculate c(-1).
-3
Let d(u) = -u**2 + 6*u - 5. Suppose -40 = p - 3*p. Suppose -4*q + 4*h = -p, -q + 19 = 3*q - 5*h. Calculate d(q).
-5
Let l(w) = w**3 + 2*w + 3. Let t = 5 - 3. Suppose 4 = -2*s + t*o - 0, -s + 5*o = 2. Give l(s).
-9
Let i = 321 + -314. Let k(z) be the third derivative of z**6/120 - 2*z**5/15 + z**4/3 - 7*z**3/6 - z**2. Determine k(i).
0
Suppose -5*j + u = 28, 6 + 0 = 2*u. Let x(t) = 1299*t - 7 + 1 - 1303*t. Determine x(j).
14
Let i(u) be the second derivative of -9*u**5/20 + u**2/2 + 20*u. Determine i(-1).
10
Let a(j) = -j - 3. Let c be a(3). Let x(d) = 6*d**3 + 2*d**2 - 3*d + 2. Let r(w) = 5*w**3 + w**2 - 3*w + 2. Let s(z) = c*x(z) + 7*r(z). Calculate s(-4).
-2
Let f(k) be the third derivative of -k**5/20 - k**4/24 - k**3/3 + 3*k**2. Determine f(2).
-16
Let i = 9 - 7. Suppose -i*w - 23 = -6*w + n, 2*w - 2*n = 16. Suppose 9 = -w*r - 11. Let d(a) = -a**2 - 5*a - 4. Determine d(r).
0
Let s(z) = 